{"id":616,"date":"2021-02-08T11:31:24","date_gmt":"2021-02-08T10:31:24","guid":{"rendered":"https:\/\/skywalls.fr\/?post_type=product&#038;p=616"},"modified":"2026-04-07T14:13:47","modified_gmt":"2026-04-07T12:13:47","slug":"acces-libre","status":"publish","type":"product","link":"https:\/\/skywalls.fr\/index.php\/produit\/acces-libre\/","title":{"rendered":"ACC\u00c8S LIBRE"},"content":{"rendered":"\t\t<div data-elementor-type=\"wp-post\" data-elementor-id=\"616\" class=\"elementor elementor-616\">\n\t\t\t\t\t\t<section class=\"elementor-section elementor-top-section elementor-element elementor-element-6a3136b elementor-section-boxed elementor-section-height-default elementor-section-height-default\" data-id=\"6a3136b\" data-element_type=\"section\">\n\t\t\t\t\t\t<div class=\"elementor-container elementor-column-gap-default\">\n\t\t\t\t\t<div class=\"elementor-column elementor-col-50 elementor-top-column elementor-element elementor-element-8ced1de\" data-id=\"8ced1de\" data-element_type=\"column\">\n\t\t\t<div class=\"elementor-widget-wrap elementor-element-populated\">\n\t\t\t\t\t\t<div class=\"elementor-element elementor-element-735c4c3 elementor-widget elementor-widget-text-editor\" data-id=\"735c4c3\" data-element_type=\"widget\" data-widget_type=\"text-editor.default\">\n\t\t\t\t<div class=\"elementor-widget-container\">\n\t\t\t<style>\/*! elementor - v3.23.0 - 05-08-2024 *\/\n.elementor-widget-text-editor.elementor-drop-cap-view-stacked .elementor-drop-cap{background-color:#69727d;color:#fff}.elementor-widget-text-editor.elementor-drop-cap-view-framed .elementor-drop-cap{color:#69727d;border:3px solid;background-color:transparent}.elementor-widget-text-editor:not(.elementor-drop-cap-view-default) .elementor-drop-cap{margin-top:8px}.elementor-widget-text-editor:not(.elementor-drop-cap-view-default) .elementor-drop-cap-letter{width:1em;height:1em}.elementor-widget-text-editor .elementor-drop-cap{float:left;text-align:center;line-height:1;font-size:50px}.elementor-widget-text-editor .elementor-drop-cap-letter{display:inline-block}<\/style>\t\t\t\t<h5 style=\"margin-top: 1.5rem; margin-bottom: 0.75rem; line-height: 1.2; font-size: 1.4rem; text-transform: uppercase; color: #e2001a; font-family: Poppins, sans-serif; padding-left: 80px;\"><span style=\"color: #ff9900;\"><strong> MURS D\u2019ESCALADE FUN et Ludique<\/strong><\/span><\/h5><h3 style=\"text-align: center;\"><strong>DES MURS D\u2019ESCALADE UNIQUES DANS UN UNIVERS COLOR\u00c9<\/strong><\/h3><p><span>Le FUN CLIMB se pratique\u00a0<\/span><b>en s\u00e9curit\u00e9 et en autonomie<\/b><span>\u00a0gr\u00e2ce au syst\u00e8me TRUEBLUE : freinage magn\u00e9tique brevet\u00e9 d\u2019auto-assurage certifi\u00e9 CE \u00e0 partir de 4 ans ou plus de 15 kilos.<\/span><\/p><ul><li>Chez Skywalls, vous trouverez des murs d\u2019escalade ludiques, color\u00e9s et funs.<\/li><li>La grimpe se pratique en s\u00e9curit\u00e9 et en autonomie gr\u00e2ce \u00e0 notre syst\u00e8me d\u2019auto-assurage certifi\u00e9 CE.<\/li><li>La s\u00e9ance dure 1H15 :\u00a0 15 min de <span>Briefing s\u00e9curit\u00e9 et \u00e9quipement, ensuite 1h d&rsquo;escalade et d&rsquo;accrobranche.\u00a0<\/span><\/li><li>Pour les enfants de <span style=\"text-decoration: underline;\">moins de 9 ans<\/span>, un accompagnateur doit rester \u00e0 proximit\u00e9 pour les familiariser avec le syst\u00e8me d&rsquo;assurage en d\u00e9but de session (pas besoin de billet ni d&rsquo;\u00e9quipement).<\/li><\/ul><ul style=\"padding-left: 2rem; margin-bottom: 1rem; list-style: none; color: #212529; font-family: Poppins, sans-serif;\"><li style=\"margin-bottom: 7px; text-align: center;\"><p style=\"text-align: center;\"><strong><span style=\"display: inline-block;\">Ces murs d\u2019escalade sont con\u00e7us pour \u00eatre accessibles d\u00e8s 4 ans \u00e0 75 ans\u00a0<\/span><\/strong><\/p><\/li><\/ul>\t\t\t\t\t\t<\/div>\n\t\t\t\t<\/div>\n\t\t\t\t\t<\/div>\n\t\t<\/div>\n\t\t\t\t<div class=\"elementor-column elementor-col-50 elementor-top-column elementor-element elementor-element-4ca7b51\" data-id=\"4ca7b51\" data-element_type=\"column\">\n\t\t\t<div class=\"elementor-widget-wrap elementor-element-populated\">\n\t\t\t\t\t\t<div class=\"elementor-element elementor-element-8d35c77 elementor-widget elementor-widget-image\" data-id=\"8d35c77\" data-element_type=\"widget\" data-widget_type=\"image.default\">\n\t\t\t\t<div class=\"elementor-widget-container\">\n\t\t\t<style>\/*! elementor - v3.23.0 - 05-08-2024 *\/\n.elementor-widget-image{text-align:center}.elementor-widget-image a{display:inline-block}.elementor-widget-image a img[src$=\".svg\"]{width:48px}.elementor-widget-image img{vertical-align:middle;display:inline-block}<\/style>\t\t\t\t\t\t\t\t\t\t<img fetchpriority=\"high\" decoding=\"async\" width=\"750\" height=\"750\" src=\"https:\/\/i0.wp.com\/skywalls.fr\/wp-content\/uploads\/2022\/11\/pass3.jpg?fit=750%2C750&amp;ssl=1\" class=\"attachment-large size-large wp-image-2402\" alt=\"\" srcset=\"https:\/\/i0.wp.com\/skywalls.fr\/wp-content\/uploads\/2022\/11\/pass3.jpg?w=1024&amp;ssl=1 1024w, https:\/\/i0.wp.com\/skywalls.fr\/wp-content\/uploads\/2022\/11\/pass3.jpg?resize=300%2C300&amp;ssl=1 300w, https:\/\/i0.wp.com\/skywalls.fr\/wp-content\/uploads\/2022\/11\/pass3.jpg?resize=150%2C150&amp;ssl=1 150w, https:\/\/i0.wp.com\/skywalls.fr\/wp-content\/uploads\/2022\/11\/pass3.jpg?resize=768%2C768&amp;ssl=1 768w, https:\/\/i0.wp.com\/skywalls.fr\/wp-content\/uploads\/2022\/11\/pass3.jpg?resize=600%2C600&amp;ssl=1 600w, https:\/\/i0.wp.com\/skywalls.fr\/wp-content\/uploads\/2022\/11\/pass3.jpg?resize=160%2C160&amp;ssl=1 160w\" sizes=\"(max-width: 750px) 100vw, 750px\" \/>\t\t\t\t\t\t\t\t\t\t\t\t\t<\/div>\n\t\t\t\t<\/div>\n\t\t\t\t\t<\/div>\n\t\t<\/div>\n\t\t\t\t\t<\/div>\n\t\t<\/section>\n\t\t\t\t<section class=\"elementor-section elementor-top-section elementor-element elementor-element-06b9d3c elementor-section-boxed elementor-section-height-default elementor-section-height-default\" data-id=\"06b9d3c\" data-element_type=\"section\" data-settings=\"{&quot;background_background&quot;:&quot;classic&quot;,&quot;shape_divider_top&quot;:&quot;split&quot;}\">\n\t\t\t\t\t<div class=\"elementor-shape elementor-shape-top\" data-negative=\"false\">\n\t\t\t<svg xmlns=\"http:\/\/www.w3.org\/2000\/svg\" viewBox=\"0 0 1000 20\" preserveAspectRatio=\"none\">\n\t<path class=\"elementor-shape-fill\" d=\"M0,0v3c0,0,393.8,0,483.4,0c9.2,0,16.6,7.4,16.6,16.6c0-9.1,7.4-16.6,16.6-16.6C606.2,3,1000,3,1000,3V0H0z\"\/>\n<\/svg>\t\t<\/div>\n\t\t\t\t\t<div class=\"elementor-container elementor-column-gap-default\">\n\t\t\t\t\t<div class=\"elementor-column elementor-col-50 elementor-top-column elementor-element elementor-element-806821d\" data-id=\"806821d\" data-element_type=\"column\">\n\t\t\t<div class=\"elementor-widget-wrap elementor-element-populated\">\n\t\t\t\t\t\t<div class=\"elementor-element elementor-element-2a9bbb1 elementor-widget elementor-widget-image\" data-id=\"2a9bbb1\" data-element_type=\"widget\" data-widget_type=\"image.default\">\n\t\t\t\t<div class=\"elementor-widget-container\">\n\t\t\t\t\t\t\t\t\t\t\t\t\t<img decoding=\"async\" width=\"750\" height=\"750\" src=\"https:\/\/i0.wp.com\/skywalls.fr\/wp-content\/uploads\/2022\/11\/pass1.jpg?fit=750%2C750&amp;ssl=1\" class=\"attachment-large size-large wp-image-2400\" alt=\"\" srcset=\"https:\/\/i0.wp.com\/skywalls.fr\/wp-content\/uploads\/2022\/11\/pass1.jpg?w=1024&amp;ssl=1 1024w, https:\/\/i0.wp.com\/skywalls.fr\/wp-content\/uploads\/2022\/11\/pass1.jpg?resize=300%2C300&amp;ssl=1 300w, https:\/\/i0.wp.com\/skywalls.fr\/wp-content\/uploads\/2022\/11\/pass1.jpg?resize=150%2C150&amp;ssl=1 150w, https:\/\/i0.wp.com\/skywalls.fr\/wp-content\/uploads\/2022\/11\/pass1.jpg?resize=768%2C768&amp;ssl=1 768w, https:\/\/i0.wp.com\/skywalls.fr\/wp-content\/uploads\/2022\/11\/pass1.jpg?resize=600%2C600&amp;ssl=1 600w, https:\/\/i0.wp.com\/skywalls.fr\/wp-content\/uploads\/2022\/11\/pass1.jpg?resize=160%2C160&amp;ssl=1 160w\" sizes=\"(max-width: 750px) 100vw, 750px\" \/>\t\t\t\t\t\t\t\t\t\t\t\t\t<\/div>\n\t\t\t\t<\/div>\n\t\t\t\t\t<\/div>\n\t\t<\/div>\n\t\t\t\t<div class=\"elementor-column elementor-col-50 elementor-top-column elementor-element elementor-element-03285df\" data-id=\"03285df\" data-element_type=\"column\">\n\t\t\t<div class=\"elementor-widget-wrap elementor-element-populated\">\n\t\t\t\t\t\t<div class=\"elementor-element elementor-element-74368d7 elementor-widget elementor-widget-text-editor\" data-id=\"74368d7\" data-element_type=\"widget\" data-widget_type=\"text-editor.default\">\n\t\t\t\t<div class=\"elementor-widget-container\">\n\t\t\t\t\t\t\t<h5 style=\"margin-top: 1.5rem; margin-bottom: 0.75rem; font-weight: bold; line-height: 1.2; font-size: 1.4rem; text-transform: uppercase; color: #e2001a; font-family: Poppins, sans-serif; text-align: center;\"><span style=\"color: #ff9900;\">PARCOURS ACCROBRANCHE<\/span><\/h5><ul style=\"padding-left: 2rem; margin-bottom: 1rem; list-style: none; color: #212529; font-family: Poppins, sans-serif;\"><li style=\"text-align: center;\"><h3 style=\"text-align: center;\"><strong>D\u00c9FIEZ LA GRAVIT\u00c9 AVEC NOTRE PARCOURS EN HAUTEUR<\/strong><\/h3><\/li><\/ul><ul><li>Notre salle offre un parcours accrobranche int\u00e9rieur<\/li><li>Pour un maximum de s\u00e9curit\u00e9 , notre parcours accrobranche est dot\u00e9 d\u2019une ligne de vie continue SAFEROLLER permettant aux plus jeunes de se d\u00e9passer sans prendre le moindre risque<\/li><li>Une grande vari\u00e9t\u00e9 de challenges : pont de singe, filets, passerelles Himalayennes, tyrolienne , des ponts mouvants et \u00e0 bascule<\/li><li>L&rsquo;acc\u00e8s \u00e0 l&rsquo;accrobranche ferme 10 min avant la fin de la s\u00e9ance<\/li><\/ul><ul style=\"padding-left: 2rem; margin-bottom: 1rem; list-style: none; color: #212529; font-family: Poppins, sans-serif;\"><li style=\"text-align: center;\"><strong>Notre parcours accrobranche est limit\u00e9 \u00e0 partir de 1,20m<\/strong><\/li><li><\/li><\/ul>\t\t\t\t\t\t<\/div>\n\t\t\t\t<\/div>\n\t\t\t\t\t<\/div>\n\t\t<\/div>\n\t\t\t\t\t<\/div>\n\t\t<\/section>\n\t\t\t\t<section class=\"elementor-section elementor-top-section elementor-element elementor-element-5301a10 elementor-section-boxed elementor-section-height-default elementor-section-height-default\" data-id=\"5301a10\" data-element_type=\"section\">\n\t\t\t\t\t\t<div class=\"elementor-container elementor-column-gap-default\">\n\t\t\t\t\t<div class=\"elementor-column elementor-col-100 elementor-top-column elementor-element elementor-element-35aca11\" data-id=\"35aca11\" data-element_type=\"column\">\n\t\t\t<div class=\"elementor-widget-wrap elementor-element-populated\">\n\t\t\t\t\t\t<div class=\"elementor-element elementor-element-8db114f elementor-widget elementor-widget-text-editor\" data-id=\"8db114f\" data-element_type=\"widget\" data-widget_type=\"text-editor.default\">\n\t\t\t\t<div class=\"elementor-widget-container\">\n\t\t\t\t\t\t\t\n<div>\n \n  <button><a style=\"color: #fff !important; font-size:140%;\"  href=\"https:\/\/skywalls.qweekle.com\/shop\/skywalls\/escalade\/entree-1h?lang=fr\" > R\u00e9server<\/a><\/button>\n<\/div>\n\t\t\t\t\t\t<\/div>\n\t\t\t\t<\/div>\n\t\t\t\t\t<\/div>\n\t\t<\/div>\n\t\t\t\t\t<\/div>\n\t\t<\/section>\n\t\t\t\t<section class=\"elementor-section elementor-top-section elementor-element elementor-element-dab4f94 elementor-section-boxed elementor-section-height-default elementor-section-height-default\" data-id=\"dab4f94\" data-element_type=\"section\">\n\t\t\t\t\t\t<div class=\"elementor-container elementor-column-gap-default\">\n\t\t\t\t\t<div class=\"elementor-column elementor-col-100 elementor-top-column elementor-element elementor-element-caa4ecd\" data-id=\"caa4ecd\" data-element_type=\"column\">\n\t\t\t<div class=\"elementor-widget-wrap elementor-element-populated\">\n\t\t\t\t\t\t<div class=\"elementor-element elementor-element-13e726b elementor-widget elementor-widget-video\" data-id=\"13e726b\" data-element_type=\"widget\" data-settings=\"{&quot;video_type&quot;:&quot;hosted&quot;,&quot;autoplay&quot;:&quot;yes&quot;,&quot;play_on_mobile&quot;:&quot;yes&quot;,&quot;loop&quot;:&quot;yes&quot;,&quot;controls&quot;:&quot;yes&quot;}\" data-widget_type=\"video.default\">\n\t\t\t\t<div class=\"elementor-widget-container\">\n\t\t\t<style>\/*! elementor - v3.23.0 - 05-08-2024 *\/\n.elementor-widget-video .elementor-widget-container{overflow:hidden;transform:translateZ(0)}.elementor-widget-video .elementor-wrapper{aspect-ratio:var(--video-aspect-ratio)}.elementor-widget-video .elementor-wrapper iframe,.elementor-widget-video .elementor-wrapper video{height:100%;width:100%;display:flex;border:none;background-color:#000}@supports not (aspect-ratio:1\/1){.elementor-widget-video .elementor-wrapper{position:relative;overflow:hidden;height:0;padding-bottom:calc(100% \/ var(--video-aspect-ratio))}.elementor-widget-video .elementor-wrapper iframe,.elementor-widget-video .elementor-wrapper video{position:absolute;top:0;right:0;bottom:0;left:0}}.elementor-widget-video .elementor-open-inline .elementor-custom-embed-image-overlay{position:absolute;top:0;right:0;bottom:0;left:0;background-size:cover;background-position:50%}.elementor-widget-video .elementor-custom-embed-image-overlay{cursor:pointer;text-align:center}.elementor-widget-video .elementor-custom-embed-image-overlay:hover .elementor-custom-embed-play i{opacity:1}.elementor-widget-video .elementor-custom-embed-image-overlay img{display:block;width:100%;aspect-ratio:var(--video-aspect-ratio);-o-object-fit:cover;object-fit:cover;-o-object-position:center center;object-position:center center}@supports not (aspect-ratio:1\/1){.elementor-widget-video .elementor-custom-embed-image-overlay{position:relative;overflow:hidden;height:0;padding-bottom:calc(100% \/ var(--video-aspect-ratio))}.elementor-widget-video .elementor-custom-embed-image-overlay img{position:absolute;top:0;right:0;bottom:0;left:0}}.elementor-widget-video .e-hosted-video .elementor-video{-o-object-fit:cover;object-fit:cover}.e-con-inner>.elementor-widget-video,.e-con>.elementor-widget-video{width:var(--container-widget-width);--flex-grow:var(--container-widget-flex-grow)}<\/style>\t\t<div class=\"e-hosted-video elementor-wrapper elementor-open-inline\">\n\t\t\t\t\t<video class=\"elementor-video\" src=\"https:\/\/videos.files.wordpress.com\/Ct9JtLd9\/video-3.mov\" autoplay=\"\" loop=\"\" controls=\"\" playsinline=\"\" controlsList=\"nodownload\"><\/video>\n\t\t\t\t<\/div>\n\t\t\t\t<\/div>\n\t\t\t\t<\/div>\n\t\t\t\t<div class=\"elementor-element elementor-element-3971568 elementor-widget elementor-widget-spacer\" data-id=\"3971568\" data-element_type=\"widget\" data-widget_type=\"spacer.default\">\n\t\t\t\t<div class=\"elementor-widget-container\">\n\t\t\t<style>\/*! elementor - v3.23.0 - 05-08-2024 *\/\n.elementor-column .elementor-spacer-inner{height:var(--spacer-size)}.e-con{--container-widget-width:100%}.e-con-inner>.elementor-widget-spacer,.e-con>.elementor-widget-spacer{width:var(--container-widget-width,var(--spacer-size));--align-self:var(--container-widget-align-self,initial);--flex-shrink:0}.e-con-inner>.elementor-widget-spacer>.elementor-widget-container,.e-con>.elementor-widget-spacer>.elementor-widget-container{height:100%;width:100%}.e-con-inner>.elementor-widget-spacer>.elementor-widget-container>.elementor-spacer,.e-con>.elementor-widget-spacer>.elementor-widget-container>.elementor-spacer{height:100%}.e-con-inner>.elementor-widget-spacer>.elementor-widget-container>.elementor-spacer>.elementor-spacer-inner,.e-con>.elementor-widget-spacer>.elementor-widget-container>.elementor-spacer>.elementor-spacer-inner{height:var(--container-widget-height,var(--spacer-size))}.e-con-inner>.elementor-widget-spacer.elementor-widget-empty,.e-con>.elementor-widget-spacer.elementor-widget-empty{position:relative;min-height:22px;min-width:22px}.e-con-inner>.elementor-widget-spacer.elementor-widget-empty .elementor-widget-empty-icon,.e-con>.elementor-widget-spacer.elementor-widget-empty .elementor-widget-empty-icon{position:absolute;top:0;bottom:0;left:0;right:0;margin:auto;padding:0;width:22px;height:22px}<\/style>\t\t<div class=\"elementor-spacer\">\n\t\t\t<div class=\"elementor-spacer-inner\"><\/div>\n\t\t<\/div>\n\t\t\t\t<\/div>\n\t\t\t\t<\/div>\n\t\t\t\t\t<\/div>\n\t\t<\/div>\n\t\t\t\t\t<\/div>\n\t\t<\/section>\n\t\t\t\t<\/div>\n\t\t","protected":false},"excerpt":{"rendered":"<p>Escalade et Accrobranche accessibles pour les adultes et les enfants \u00e0 partir de 4 ans<\/p>\n<p>\ud83d\udc68\u200d\ud83d\udc69\u200d\ud83d\udc67 Acc\u00e8s gratuit pour les accompagnants non grimpeurs<\/p>\n<p>15 min de briefing de s\u00e9curit\u00e9 et 1h d&rsquo;activit\u00e9<\/p>\n<p><span style=\"color: #ff9900;\"><strong>PRIX : 15\u20ac<\/strong><\/span><\/p>\n<div style=\"display: flex;\"><button><a style=\"color: #fff !important;\" href=\"\/index.php\/produit\/acces-libre\/\"> D\u00e9couvrir<\/a><\/button><br \/>\n<button><a style=\"color: #fff !important;\" href=\"https:\/\/skywalls.qweekle.com\/shop\/skywalls\/escalade\/entree-1h?lang=fr\"> R\u00e9server<\/a><\/button><\/div>\n","protected":false},"featured_media":2406,"comment_status":"closed","ping_status":"closed","template":"","meta":{"_themeisle_gutenberg_block_has_review":false},"product_cat":[21],"product_tag":[],"aioseo_notices":[],"jetpack_sharing_enabled":true,"_links":{"self":[{"href":"https:\/\/skywalls.fr\/index.php\/wp-json\/wp\/v2\/product\/616"}],"collection":[{"href":"https:\/\/skywalls.fr\/index.php\/wp-json\/wp\/v2\/product"}],"about":[{"href":"https:\/\/skywalls.fr\/index.php\/wp-json\/wp\/v2\/types\/product"}],"replies":[{"embeddable":true,"href":"https:\/\/skywalls.fr\/index.php\/wp-json\/wp\/v2\/comments?post=616"}],"version-history":[{"count":129,"href":"https:\/\/skywalls.fr\/index.php\/wp-json\/wp\/v2\/product\/616\/revisions"}],"predecessor-version":[{"id":2670,"href":"https:\/\/skywalls.fr\/index.php\/wp-json\/wp\/v2\/product\/616\/revisions\/2670"}],"wp:featuredmedia":[{"embeddable":true,"href":"https:\/\/skywalls.fr\/index.php\/wp-json\/wp\/v2\/media\/2406"}],"wp:attachment":[{"href":"https:\/\/skywalls.fr\/index.php\/wp-json\/wp\/v2\/media?parent=616"}],"wp:term":[{"taxonomy":"product_cat","embeddable":true,"href":"https:\/\/skywalls.fr\/index.php\/wp-json\/wp\/v2\/product_cat?post=616"},{"taxonomy":"product_tag","embeddable":true,"href":"https:\/\/skywalls.fr\/index.php\/wp-json\/wp\/v2\/product_tag?post=616"}],"curies":[{"name":"wp","href":"https:\/\/api.w.org\/{rel}","templated":true}]}}