{"id":2368,"date":"2025-09-24T18:47:29","date_gmt":"2025-09-24T16:47:29","guid":{"rendered":"https:\/\/skywalls.fr\/?page_id=2368"},"modified":"2025-09-24T19:01:36","modified_gmt":"2025-09-24T17:01:36","slug":"mentions-legales","status":"publish","type":"page","link":"https:\/\/skywalls.fr\/index.php\/mentions-legales\/","title":{"rendered":"MENTIONS L\u00c9GALES"},"content":{"rendered":"\t\t<div data-elementor-type=\"wp-page\" data-elementor-id=\"2368\" class=\"elementor elementor-2368\">\n\t\t\t\t\t\t<section class=\"elementor-section elementor-top-section elementor-element elementor-element-802de3c elementor-section-full_width topmob2 elementor-section-height-default elementor-section-height-default\" data-id=\"802de3c\" data-element_type=\"section\" data-settings=\"{&quot;background_background&quot;:&quot;gradient&quot;}\">\n\t\t\t\t\t\t\t<div class=\"elementor-background-overlay\"><\/div>\n\t\t\t\t\t\t\t<div class=\"elementor-container elementor-column-gap-default\">\n\t\t\t\t\t<div class=\"elementor-column elementor-col-100 elementor-top-column elementor-element elementor-element-8bdf4d5\" data-id=\"8bdf4d5\" data-element_type=\"column\">\n\t\t\t<div class=\"elementor-widget-wrap elementor-element-populated\">\n\t\t\t\t\t\t<div class=\"elementor-element elementor-element-2da67d1 elementor-widget elementor-widget-heading\" data-id=\"2da67d1\" data-element_type=\"widget\" data-widget_type=\"heading.default\">\n\t\t\t\t<div class=\"elementor-widget-container\">\n\t\t\t<style>\/*! elementor - v3.23.0 - 05-08-2024 *\/\n.elementor-heading-title{padding:0;margin:0;line-height:1}.elementor-widget-heading .elementor-heading-title[class*=elementor-size-]>a{color:inherit;font-size:inherit;line-height:inherit}.elementor-widget-heading .elementor-heading-title.elementor-size-small{font-size:15px}.elementor-widget-heading .elementor-heading-title.elementor-size-medium{font-size:19px}.elementor-widget-heading .elementor-heading-title.elementor-size-large{font-size:29px}.elementor-widget-heading .elementor-heading-title.elementor-size-xl{font-size:39px}.elementor-widget-heading .elementor-heading-title.elementor-size-xxl{font-size:59px}<\/style><h2 class=\"elementor-heading-title elementor-size-default\">MENTIONS L\u00c9GALES<\/h2>\t\t<\/div>\n\t\t\t\t<\/div>\n\t\t\t\t\t<\/div>\n\t\t<\/div>\n\t\t\t\t\t<\/div>\n\t\t<\/section>\n\t\t\t\t<section class=\"elementor-section elementor-top-section elementor-element elementor-element-82a1acd elementor-section-boxed elementor-section-height-default elementor-section-height-default\" data-id=\"82a1acd\" data-element_type=\"section\">\n\t\t\t\t\t\t<div class=\"elementor-container elementor-column-gap-default\">\n\t\t\t\t\t<div class=\"elementor-column elementor-col-100 elementor-top-column elementor-element elementor-element-15d5d88\" data-id=\"15d5d88\" data-element_type=\"column\">\n\t\t\t<div class=\"elementor-widget-wrap elementor-element-populated\">\n\t\t\t\t\t\t<div class=\"elementor-element elementor-element-fe2ee39 elementor-widget elementor-widget-text-editor\" data-id=\"fe2ee39\" data-element_type=\"widget\" data-widget_type=\"text-editor.default\">\n\t\t\t\t<div class=\"elementor-widget-container\">\n\t\t\t<style>\/*! elementor - v3.23.0 - 05-08-2024 *\/\n.elementor-widget-text-editor.elementor-drop-cap-view-stacked .elementor-drop-cap{background-color:#69727d;color:#fff}.elementor-widget-text-editor.elementor-drop-cap-view-framed .elementor-drop-cap{color:#69727d;border:3px solid;background-color:transparent}.elementor-widget-text-editor:not(.elementor-drop-cap-view-default) .elementor-drop-cap{margin-top:8px}.elementor-widget-text-editor:not(.elementor-drop-cap-view-default) .elementor-drop-cap-letter{width:1em;height:1em}.elementor-widget-text-editor .elementor-drop-cap{float:left;text-align:center;line-height:1;font-size:50px}.elementor-widget-text-editor .elementor-drop-cap-letter{display:inline-block}<\/style>\t\t\t\t<p>Skywalls.fr est le site officiel de la soci\u00e9t\u00e9 SAKYWALLS (38 Avenue de la fontaine de berger \u00e0 SAINT-MARD\u2013 SARL au capital de 50 000 \u20ac \u2013 RCS Meaux 000000)<\/p><h3>H\u00c9BERGEMENT<\/h3><p>Le site Internet est h\u00e9berg\u00e9 par la soci\u00e9t\u00e9 OVH<\/p><h3>PROPRI\u00c9T\u00c9 INTELLECTUELLE<\/h3><p>Tous les contenus pr\u00e9sent\u00e9s ou affich\u00e9s sur ce site, y compris, mais sans s\u2019y limiter, les textes, graphismes, photographies, images, animations, sons, illustrations, appartiennent \u00e0 SKYWALLS ou sont utilis\u00e9s avec l\u2019autorisation des titulaires, notamment Clip \u2018n Climb.<\/p><p>Tous les \u00e9l\u00e9ments du site, y compris, mais sans s\u2019y limiter, la conception g\u00e9n\u00e9rale et le contenu, sont prot\u00e9g\u00e9s par les lois relatives \u00e0 la pr\u00e9sentation, au droit d\u2019auteur, aux droits moraux, aux marques d\u00e9pos\u00e9es et autres lois r\u00e9gissant les droits de propri\u00e9t\u00e9 intellectuelle.<\/p><p>Sauf disposition expresse autoris\u00e9e dans le cadre de ce contrat ou d\u2019un autre contrat avec SKYWALLS, aucune partie ou \u00e9l\u00e9ment du site ou de son contenu ne peut \u00eatre copi\u00e9 ou transmis par quelque moyen que ce soit. Le site, son contenu et, sauf indication contraire express\u00e9ment convenue, tous les droits y aff\u00e9rents demeurent la propri\u00e9t\u00e9 exclusive de SKYWALLS.<\/p><p>Toute reproduction totale ou partielle, ainsi que toute reproduction abusive de ce site, par quelque moyen que ce soit, sans le consentement de l\u2019auteur ou de ses ayants droits, est strictement interdite et constitue une contrefa\u00e7on sanctionn\u00e9e par les articles L.335-2 et suivants du Code de la propri\u00e9t\u00e9 intellectuelle.<\/p><h3>ACCESSIBILIT\u00c9<\/h3><p>Le site est par principe accessible aux utilisateurs 24\/24h et 7\/7j, sauf interruption programm\u00e9e ou non, pour des besoins de maintenance ou en cas de force majeure. Une interruption provisoire ou d\u00e9finitive ne pourra en aucun cas donner lieu \u00e0 une indemnisation ou contrepartie financi\u00e8re.<\/p><p>En cas d\u2019impossibilit\u00e9 d\u2019acc\u00e8s au Site, SKYWALLS ne saurait \u00eatre tenu pour responsable de tout dommage, quelle qu\u2019en soit la nature, r\u00e9sultant de son indisponibilit\u00e9.<\/p><h3>DONN\u00c9ES PERSONNELLES ET VIE PRIV\u00c9E<\/h3><p>Conform\u00e9ment \u00e0 la loi du 6 janvier 1978 relative \u00e0 l\u2019informatique et aux libert\u00e9s, vous avez le droit d\u2019acc\u00e9der, de modifier, de rectifier et de supprimer les donn\u00e9es personnelles vous concernant.<\/p><p>Pour exercer ce droit, veuillez adresser un courrier postal \u00e0 l\u2019adresse de notre soci\u00e9t\u00e9 SKYWALLS. Nous traiterons votre demande dans les meilleurs d\u00e9lais.<\/p><p>Nous accordons une grande importance \u00e0 la protection de vos donn\u00e9es priv\u00e9es et nous nous engageons \u00e0 respecter votre droit \u00e0 la vie priv\u00e9e.<\/p><h3>LIENS HYPERTEXTE<\/h3><p>Le site Skywalls.fr peut contenir des liens hypertextes vers d\u2019autres sites. Veuillez noter que SKYWALLS d\u00e9cline toute responsabilit\u00e9 quant au contenu de ces sites tiers, qui pourraient ne pas \u00eatre conformes aux lois et r\u00e9glementations en vigueur.<\/p><p>Il incombe aux utilisateurs de prendre les mesures de s\u00e9curit\u00e9 n\u00e9cessaires pour garantir la s\u00e9curit\u00e9 de leur terminal.<\/p>\t\t\t\t\t\t<\/div>\n\t\t\t\t<\/div>\n\t\t\t\t\t<\/div>\n\t\t<\/div>\n\t\t\t\t\t<\/div>\n\t\t<\/section>\n\t\t\t\t<\/div>\n\t\t","protected":false},"excerpt":{"rendered":"<p>MENTIONS L\u00c9GALES Skywalls.fr est le site officiel de la soci\u00e9t\u00e9 SAKYWALLS (38 Avenue de la fontaine de berger \u00e0 SAINT-MARD\u2013 SARL au capital de 50 000 \u20ac \u2013 RCS Meaux 000000) H\u00c9BERGEMENT Le site Internet est h\u00e9berg\u00e9 par la soci\u00e9t\u00e9 OVH PROPRI\u00c9T\u00c9 INTELLECTUELLE Tous les contenus pr\u00e9sent\u00e9s ou affich\u00e9s sur [&hellip;]<\/p>\n","protected":false},"author":1,"featured_media":0,"parent":0,"menu_order":0,"comment_status":"closed","ping_status":"closed","template":"page-templates\/template-pagebuilder-full-width.php","meta":{"_themeisle_gutenberg_block_has_review":false},"aioseo_notices":[],"jetpack_sharing_enabled":true,"_links":{"self":[{"href":"https:\/\/skywalls.fr\/index.php\/wp-json\/wp\/v2\/pages\/2368"}],"collection":[{"href":"https:\/\/skywalls.fr\/index.php\/wp-json\/wp\/v2\/pages"}],"about":[{"href":"https:\/\/skywalls.fr\/index.php\/wp-json\/wp\/v2\/types\/page"}],"author":[{"embeddable":true,"href":"https:\/\/skywalls.fr\/index.php\/wp-json\/wp\/v2\/users\/1"}],"replies":[{"embeddable":true,"href":"https:\/\/skywalls.fr\/index.php\/wp-json\/wp\/v2\/comments?post=2368"}],"version-history":[{"count":16,"href":"https:\/\/skywalls.fr\/index.php\/wp-json\/wp\/v2\/pages\/2368\/revisions"}],"predecessor-version":[{"id":2385,"href":"https:\/\/skywalls.fr\/index.php\/wp-json\/wp\/v2\/pages\/2368\/revisions\/2385"}],"wp:attachment":[{"href":"https:\/\/skywalls.fr\/index.php\/wp-json\/wp\/v2\/media?parent=2368"}],"curies":[{"name":"wp","href":"https:\/\/api.w.org\/{rel}","templated":true}]}}